{"id":7,"date":"2016-02-01T14:02:49","date_gmt":"2016-02-01T13:02:49","guid":{"rendered":"http:\/\/wl32www730.webland.ch\/?page_id=7"},"modified":"2026-01-15T11:13:36","modified_gmt":"2026-01-15T10:13:36","slug":"mittelland","status":"publish","type":"page","link":"https:\/\/www.units.ch\/index.php\/units-standorte\/mittelland\/","title":{"rendered":"units MITTELLAND"},"content":{"rendered":"<h3 class=\"text-center\">Der Standort Zuchwil schliesst f\u00fcr Kunden im Raum Mittelland eine Zeit- und Logistikl\u00fccke. K\u00fcrzere Wege bedeuten schnellere Resultate.<\/h3>\n<hr class=\"redlight\">\n<div class=\"row\">\n<div class=\"col-lg-4 col-md-4 col-sm-4 col-lg-offset-2 col-md-offset-2 text-left\">\nIhr Ansprechpartner<br \/>am Standort Zuchwil<\/p>\n<p>Angela Eggenberger\n<\/p><\/div>\n<div class=\"col-lg-4 col-md-4 col-sm-4 text-left\">units MITTELLAND AG<br \/>\nIndustriestrasse 14<br \/>\nCH \u2013 4528 Zuchwil<\/p>\n<p>T: +41 32 671 60 70<br \/>\n<a href=\"mailto:mittelland@units.ch\">mittelland@units.ch<\/a><\/p>\n<p><a href=\"https:\/\/goo.gl\/maps\/QcNsxNmYs3WSM81b6\" class=\"hashboxindiv\" target=\"_blank\" rel=\"noopener noreferrer\">Lageplan units MITTELLAND<\/a><\/p>\n<\/div>\n<\/div>\n","protected":false},"excerpt":{"rendered":"<p>Der Standort Zuchwil schliesst f\u00fcr Kunden im Raum Mittelland eine Zeit- und Logistikl\u00fccke. K\u00fcrzere Wege bedeuten schnellere Resultate. Ihr Ansprechpartneram [&hellip;]<\/p>\n","protected":false},"author":1,"featured_media":0,"parent":3128,"menu_order":80,"comment_status":"closed","ping_status":"closed","template":"TMP_SUB_SINGLE.php","meta":{"_acf_changed":false,"footnotes":""},"acf":[],"_links":{"self":[{"href":"https:\/\/www.units.ch\/index.php\/wp-json\/wp\/v2\/pages\/7"}],"collection":[{"href":"https:\/\/www.units.ch\/index.php\/wp-json\/wp\/v2\/pages"}],"about":[{"href":"https:\/\/www.units.ch\/index.php\/wp-json\/wp\/v2\/types\/page"}],"author":[{"embeddable":true,"href":"https:\/\/www.units.ch\/index.php\/wp-json\/wp\/v2\/users\/1"}],"replies":[{"embeddable":true,"href":"https:\/\/www.units.ch\/index.php\/wp-json\/wp\/v2\/comments?post=7"}],"version-history":[{"count":67,"href":"https:\/\/www.units.ch\/index.php\/wp-json\/wp\/v2\/pages\/7\/revisions"}],"predecessor-version":[{"id":10911,"href":"https:\/\/www.units.ch\/index.php\/wp-json\/wp\/v2\/pages\/7\/revisions\/10911"}],"up":[{"embeddable":true,"href":"https:\/\/www.units.ch\/index.php\/wp-json\/wp\/v2\/pages\/3128"}],"wp:attachment":[{"href":"https:\/\/www.units.ch\/index.php\/wp-json\/wp\/v2\/media?parent=7"}],"curies":[{"name":"wp","href":"https:\/\/api.w.org\/{rel}","templated":true}]}}