{"id":6731,"date":"2021-06-21T15:33:44","date_gmt":"2021-06-21T13:33:44","guid":{"rendered":"https:\/\/www.units.ch\/?page_id=6731"},"modified":"2021-07-29T11:00:03","modified_gmt":"2021-07-29T09:00:03","slug":"5-jahre-units-austria-open-house-event","status":"publish","type":"page","link":"https:\/\/www.units.ch\/index.php\/events\/5-jahre-units-austria-open-house-event\/","title":{"rendered":"5 Jahre units AUSTRIA"},"content":{"rendered":"<h3>Am 30. M\u00e4rz 2017 haben wir mit Kunden, Interessierten, Freunden und Familie aus dem Raum Vorarlberg und S\u00fcddeutschland einen Open House Event am Standort in Lustenau durchgef\u00fchrt. Die beeindruckenden R\u00e4umlichkeiten des Millenium Parks, ein spannender Rundgang und ein toller Wettbewerb sowie die feinen Sachen von MO Catering haben den Anlass zu einen Highlight des Jahres gemacht.<\/h3>\n","protected":false},"excerpt":{"rendered":"<p>Am 30. M\u00e4rz 2017 haben wir mit Kunden, Interessierten, Freunden und Familie aus dem Raum Vorarlberg und S\u00fcddeutschland einen Open [&hellip;]<\/p>\n","protected":false},"author":1,"featured_media":0,"parent":3075,"menu_order":201703,"comment_status":"closed","ping_status":"closed","template":"TMP_EVENTS_ARCHIV.php","meta":{"_acf_changed":false,"footnotes":""},"acf":[],"_links":{"self":[{"href":"https:\/\/www.units.ch\/index.php\/wp-json\/wp\/v2\/pages\/6731"}],"collection":[{"href":"https:\/\/www.units.ch\/index.php\/wp-json\/wp\/v2\/pages"}],"about":[{"href":"https:\/\/www.units.ch\/index.php\/wp-json\/wp\/v2\/types\/page"}],"author":[{"embeddable":true,"href":"https:\/\/www.units.ch\/index.php\/wp-json\/wp\/v2\/users\/1"}],"replies":[{"embeddable":true,"href":"https:\/\/www.units.ch\/index.php\/wp-json\/wp\/v2\/comments?post=6731"}],"version-history":[{"count":5,"href":"https:\/\/www.units.ch\/index.php\/wp-json\/wp\/v2\/pages\/6731\/revisions"}],"predecessor-version":[{"id":7116,"href":"https:\/\/www.units.ch\/index.php\/wp-json\/wp\/v2\/pages\/6731\/revisions\/7116"}],"up":[{"embeddable":true,"href":"https:\/\/www.units.ch\/index.php\/wp-json\/wp\/v2\/pages\/3075"}],"wp:attachment":[{"href":"https:\/\/www.units.ch\/index.php\/wp-json\/wp\/v2\/media?parent=6731"}],"curies":[{"name":"wp","href":"https:\/\/api.w.org\/{rel}","templated":true}]}}