{"id":4444,"date":"2018-10-14T16:26:02","date_gmt":"2018-10-14T14:26:02","guid":{"rendered":"http:\/\/www.units.ch\/?page_id=4444"},"modified":"2021-06-23T10:08:53","modified_gmt":"2021-06-23T08:08:53","slug":"gnade","status":"publish","type":"page","link":"https:\/\/www.units.ch\/index.php\/gnade\/","title":{"rendered":"Gnade"},"content":{"rendered":"<p>Im Jahre 2003 durfte ich auf wunderbare Weise erfahren was es hei\u00dft, f\u00fcr alles danke sagen zu k\u00f6nnen. Ich fragte mich schon fr\u00fcher immer wieder, wem ich alles zu verdanken habe und wem ich daf\u00fcr danken kann. Heute wei\u00df ich, der Dank geh\u00f6rt Gott allein. Ich glaube an Jesus Christus, den Vater und den Heiligen Geist. Er ist mein Fels und meine Burg.<\/p>\n<p>Blicke ich zur\u00fcck, reiht sich so manches aneinander. Erfolge, wie der Preis des KMU Primus. Oder der stetige Wachstum des Unternehmens, von der Gr\u00fcndung \u00fcber den Umzug in das aktuelle Geb\u00e4ude in Au (SG) und weiter bis heute. Was aber nicht bedeutet, dass ich nur Sonnenschein kenne. Im Gegenteil. Aber genau in diesen Stunden der Sorgen wei\u00df ich heute, wem ich sie abgeben darf. Wenn ich Fehler mache, ist da jemand, der daf\u00fcr sorgt, dass sich alles zum Guten wendet. Mein Leben in meinem Umfeld ist f\u00fcr mich reine Gnade.<\/p>\n<p>Ein paar zusammengetragene Zeilen, wovon ich glaube, dass sie Berge versetzten und Leben ver\u00e4ndern k\u00f6nnen:<\/p>\n<p>\u00abDenn so hat Gott die Welt geliebt, dass er seinen eingeborenen Sohn gab, damit alle, die an ihn glauben, nicht verloren werden, sondern das ewige Leben haben.\u00bb<br \/>\nJohannes 3,16<\/p>\n<p>Gott hat den Himmel und die Erde erschaffen und alles in Bewegung gesetzt. Er hat die Meere und den Himmel mit Fischen und V\u00f6geln erf\u00fcllt und die Berge, T\u00e4ler und Ebenen mit Lebewesen aller Art bev\u00f6lkert. Dann erweckte er voller Liebe die Menschheit zum Leben und berief Mann und Frau dazu den Lebewesen Namen zu geben, den Garten zu pflegen, in dem sie lebten, und miteinander liebevolle Gemeinschaft zu haben.<br \/>\nDoch dann musste er beobachten, wie die Menschen ihm nicht gehorchten, sich selbst entehrten und sich gegenseitig mit Hass, L\u00fcgen und Mord zerst\u00f6rten. Er sah mit an, wie seine Sch\u00f6pfung tiefer und tiefer in die Abw\u00e4rts Spirale der S\u00fcnde geriet. Ich bin fest davon \u00fcberzeugt, dass es ihm sehr wehtat, als die Menschen, die er nach seinem Bild geschaffen hatte, sich von ihm entfernten und die Liebesf\u00e4den zerrissen, die Gesch\u00f6pf und Sch\u00f6pfer miteinander verbanden. Als das geschah, h\u00e4tte er die Augen vor dem \u201atraurigen Haufen\u2018, der aus seiner Sch\u00f6pfung geworden war, verschlie\u00dfen und die Beziehung zu uns abbrechen k\u00f6nnen. Doch stattdessen schmiedete er aus Liebe einen Plan. Er bot uns eine L\u00f6sungsm\u00f6glichkeit an. Er ergriff die Initiative, um die Kluft zwischen sich und seiner fehlgeleiteten Sch\u00f6pfung zu \u00fcberwinden. Er schickte uns seinen Sohn als Opfer f\u00fcr Ihre und meine Fehler.<br \/>\nSpuren im Sand<\/p>\n<p>Eines Nachts hatte ich einen Traum: Ich ging am Meer entlang mit meinem Herrn. Vor dem dunklen Nachthimmel erstrahlten Bilder aus meinem Leben. Und jedes Mal sah ich zwei Fu\u00dfspuren im Sand: meine eigene und die des Herrn. Als das letzte Bild an meinen Augen vor\u00fcber gezogen war, blickte ich zur\u00fcck. Ich erschrak, als ich entdeckte, dass an vielen Stellen meines Lebensweges nur eine Spur zu sehen war. Und das waren gerade die schwersten Zeiten meines Lebens.<br \/>\nBesorgt fragte ich den Herrn: \u00abHerr, als ich anfing dir nachzufolgen, da hast du mir versprochen, auf allen Wegen bei mir zu sein. Aber jetzt entdecke ich, dass in den schwersten Zeiten meines Lebens nur eine Spur im Sand zu sehen ist. Warum hast Du mich allein gelassen, als ich dich am meisten brauchte?\u00bb Da antwortete er: \u00abMein liebes Kind, ich liebe dich und werde dich nie alleine lassen, erst recht nicht in N\u00f6ten und Schwierigkeiten. Dort, wo du nur eine Spur gesehen hast, da habe ich dich getragen.\u00bb<\/p>\n<p>Mein Dank an dieser Stelle an alle, die mich kennen, meine Familie, Freunde, Mitarbeiter, Gesch\u00e4ftspartner \u2026 und an Gott. Danke \u201aD\u00e4d\u2018.<\/p>\n<p>Roger Eggenberger <\/p>\n","protected":false},"excerpt":{"rendered":"<p>Im Jahre 2003 durfte ich auf wunderbare Weise erfahren was es hei\u00dft, f\u00fcr alles danke sagen zu k\u00f6nnen. Ich fragte [&hellip;]<\/p>\n","protected":false},"author":1,"featured_media":0,"parent":0,"menu_order":1100,"comment_status":"closed","ping_status":"closed","template":"TMP_SUB_SINGLE.php","meta":{"_acf_changed":false,"footnotes":""},"acf":[],"_links":{"self":[{"href":"https:\/\/www.units.ch\/index.php\/wp-json\/wp\/v2\/pages\/4444"}],"collection":[{"href":"https:\/\/www.units.ch\/index.php\/wp-json\/wp\/v2\/pages"}],"about":[{"href":"https:\/\/www.units.ch\/index.php\/wp-json\/wp\/v2\/types\/page"}],"author":[{"embeddable":true,"href":"https:\/\/www.units.ch\/index.php\/wp-json\/wp\/v2\/users\/1"}],"replies":[{"embeddable":true,"href":"https:\/\/www.units.ch\/index.php\/wp-json\/wp\/v2\/comments?post=4444"}],"version-history":[{"count":3,"href":"https:\/\/www.units.ch\/index.php\/wp-json\/wp\/v2\/pages\/4444\/revisions"}],"predecessor-version":[{"id":4764,"href":"https:\/\/www.units.ch\/index.php\/wp-json\/wp\/v2\/pages\/4444\/revisions\/4764"}],"wp:attachment":[{"href":"https:\/\/www.units.ch\/index.php\/wp-json\/wp\/v2\/media?parent=4444"}],"curies":[{"name":"wp","href":"https:\/\/api.w.org\/{rel}","templated":true}]}}

<p>Im Jahre 2003 durfte ich auf wunderbare Weise erfahren was es heißt, für alles danke sagen zu können. Ich fragte mich schon früher immer wieder, wem ich alles zu verdanken habe und wem ich dafür danken kann. Heute weiß ich, der Dank gehört Gott allein. Ich glaube an Jesus Christus, den Vater und den Heiligen Geist. Er ist mein Fels und meine Burg.</p>
<p>Blicke ich zurück, reiht sich so manches aneinander. Erfolge, wie der Preis des KMU Primus. Oder der stetige Wachstum des Unternehmens, von der Gründung über den Umzug in das aktuelle Gebäude in Au (SG) und weiter bis heute. Was aber nicht bedeutet, dass ich nur Sonnenschein kenne. Im Gegenteil. Aber genau in diesen Stunden der Sorgen weiß ich heute, wem ich sie abgeben darf. Wenn ich Fehler mache, ist da jemand, der dafür sorgt, dass sich alles zum Guten wendet. Mein Leben in meinem Umfeld ist für mich reine Gnade.</p>
<p>Ein paar zusammengetragene Zeilen, wovon ich glaube, dass sie Berge versetzten und Leben verändern können:</p>
<p>«Denn so hat Gott die Welt geliebt, dass er seinen eingeborenen Sohn gab, damit alle, die an ihn glauben, nicht verloren werden, sondern das ewige Leben haben.»<br />
Johannes 3,16</p>
<p>Gott hat den Himmel und die Erde erschaffen und alles in Bewegung gesetzt. Er hat die Meere und den Himmel mit Fischen und Vögeln erfüllt und die Berge, Täler und Ebenen mit Lebewesen aller Art bevölkert. Dann erweckte er voller Liebe die Menschheit zum Leben und berief Mann und Frau dazu den Lebewesen Namen zu geben, den Garten zu pflegen, in dem sie lebten, und miteinander liebevolle Gemeinschaft zu haben.<br />
Doch dann musste er beobachten, wie die Menschen ihm nicht gehorchten, sich selbst entehrten und sich gegenseitig mit Hass, Lügen und Mord zerstörten. Er sah mit an, wie seine Schöpfung tiefer und tiefer in die Abwärts Spirale der Sünde geriet. Ich bin fest davon überzeugt, dass es ihm sehr wehtat, als die Menschen, die er nach seinem Bild geschaffen hatte, sich von ihm entfernten und die Liebesfäden zerrissen, die Geschöpf und Schöpfer miteinander verbanden. Als das geschah, hätte er die Augen vor dem ‚traurigen Haufen‘, der aus seiner Schöpfung geworden war, verschließen und die Beziehung zu uns abbrechen können. Doch stattdessen schmiedete er aus Liebe einen Plan. Er bot uns eine Lösungsmöglichkeit an. Er ergriff die Initiative, um die Kluft zwischen sich und seiner fehlgeleiteten Schöpfung zu überwinden. Er schickte uns seinen Sohn als Opfer für Ihre und meine Fehler.<br />
Spuren im Sand</p>
<p>Eines Nachts hatte ich einen Traum: Ich ging am Meer entlang mit meinem Herrn. Vor dem dunklen Nachthimmel erstrahlten Bilder aus meinem Leben. Und jedes Mal sah ich zwei Fußspuren im Sand: meine eigene und die des Herrn. Als das letzte Bild an meinen Augen vorüber gezogen war, blickte ich zurück. Ich erschrak, als ich entdeckte, dass an vielen Stellen meines Lebensweges nur eine Spur zu sehen war. Und das waren gerade die schwersten Zeiten meines Lebens.<br />
Besorgt fragte ich den Herrn: «Herr, als ich anfing dir nachzufolgen, da hast du mir versprochen, auf allen Wegen bei mir zu sein. Aber jetzt entdecke ich, dass in den schwersten Zeiten meines Lebens nur eine Spur im Sand zu sehen ist. Warum hast Du mich allein gelassen, als ich dich am meisten brauchte?» Da antwortete er: «Mein liebes Kind, ich liebe dich und werde dich nie alleine lassen, erst recht nicht in Nöten und Schwierigkeiten. Dort, wo du nur eine Spur gesehen hast, da habe ich dich getragen.»</p>
<p>Mein Dank an dieser Stelle an alle, die mich kennen, meine Familie, Freunde, Mitarbeiter, Geschäftspartner … und an Gott. Danke ‚Däd‘.</p>
<p>Roger Eggenberger </p>

<p>Im Jahre 2003 durfte ich auf wunderbare Weise erfahren was es heißt, für alles danke sagen zu können. Ich fragte [&hellip;]</p>
