{"id":3987,"date":"2018-04-16T20:24:08","date_gmt":"2018-04-16T18:24:08","guid":{"rendered":"http:\/\/wl32www730.webland.ch\/?page_id=3987"},"modified":"2022-03-29T08:43:34","modified_gmt":"2022-03-29T06:43:34","slug":"vergleich-von-realitaet-und-simulation-fuehren-virtuelle-optimierungen-an-formteildesign-werkzeugdesign-und-spritzprozess-zu-minimalsten-formteilabweichungen","status":"publish","type":"page","link":"https:\/\/www.units.ch\/index.php\/spritzguss-simulation\/vergleich-von-realitaet-und-simulation-fuehren-virtuelle-optimierungen-an-formteildesign-werkzeugdesign-und-spritzprozess-zu-minimalsten-formteilabweichungen\/","title":{"rendered":"Virtuelle Optimierung"},"content":{"rendered":"<h3 class=\"modallink\">VIRTUELLE OPTIMIERUNG<\/h3>\n<h1>Durch den Vergleich von Realit\u00e4t und Simulation f\u00fchren virtuelle Optimierungen an Formteil, Werkzeug und Spritzprozess zu minimalsten Formteilabweichungen.<\/h1>\n<p><a class=\"page-scroll\" href=\"#versagensursache\"><img decoding=\"async\" src=\"\/wp-content\/themes\/WORKZ_NM_UNITS_BS_THEME\/img\/scrolldown_w.png\" class=\"scrollicon\"><\/a> <!-- <a href=\u201c#\" data-toggle=\"modal\" data-target=\"#optimierung\"><img decoding=\"async\" src=\"\/wp-content\/themes\/WORKZ_NM_UNITS_BS_THEME\/img\/scrolldown_w.png\" class=\"scrollicon transform270\" ><\/a> --><\/p>\n<div class=\"modal fade\" id=\"optimierung\" tabindex=\"-1\" role=\"dialog\" aria-labelledby=\"myModalLabel\">\n<div class=\"modal-dialog\" role=\"document\">\n<div class=\"modal-content bg-black\">\n<div class=\"modal-header\">\n        <button type=\"button\" class=\"close\" data-dismiss=\"modal\" aria-label=\"Close\"><span aria-hidden=\"true\">&times;<\/span><\/button><\/p>\n<h3 class=\"modal-title\" id=\"myModalLabel\">VIRTUELLE OPTIMIERUNG<\/h3>\n<\/p><\/div>\n<div class=\"modal-body\">\n Im Rahmen der Verzugsberechnung k\u00f6nnen wir die geometrische \u00c4nderung des Bauteils bis zu seiner Abk\u00fchlung, beruhend auf dem spezifischen Materialverhalten, aufzeigen. Wir sind in der Lage die Verzugsgeometrie aus der Moldflow-Software zu exportieren und diese direkt mit den 3D CAD Daten zu vergleichen. Der Clou, mit dem Verzugsmodell (virtuell) k\u00f6nnen wir einen direkten Soll-Ist-Vergleich darstellen und alle Nachteile mit Verzug aufzeigen.\n      <\/div>\n<div class=\"modal-footer\">\n        <button type=\"button\" class=\"btn btn-default\" data-dismiss=\"modal\">SCHLIESSEN<\/button><\/p><\/div>\n<\/p><\/div>\n<\/p><\/div>\n<\/div>\n","protected":false},"excerpt":{"rendered":"<p>VIRTUELLE OPTIMIERUNG Durch den Vergleich von Realit\u00e4t und Simulation f\u00fchren virtuelle Optimierungen an Formteil, Werkzeug und Spritzprozess zu minimalsten Formteilabweichungen. [&hellip;]<\/p>\n","protected":false},"author":1,"featured_media":0,"parent":70,"menu_order":40,"comment_status":"closed","ping_status":"closed","template":"TMP_NUU_BASIC.php","meta":{"_acf_changed":false,"footnotes":""},"acf":[],"_links":{"self":[{"href":"https:\/\/www.units.ch\/index.php\/wp-json\/wp\/v2\/pages\/3987"}],"collection":[{"href":"https:\/\/www.units.ch\/index.php\/wp-json\/wp\/v2\/pages"}],"about":[{"href":"https:\/\/www.units.ch\/index.php\/wp-json\/wp\/v2\/types\/page"}],"author":[{"embeddable":true,"href":"https:\/\/www.units.ch\/index.php\/wp-json\/wp\/v2\/users\/1"}],"replies":[{"embeddable":true,"href":"https:\/\/www.units.ch\/index.php\/wp-json\/wp\/v2\/comments?post=3987"}],"version-history":[{"count":21,"href":"https:\/\/www.units.ch\/index.php\/wp-json\/wp\/v2\/pages\/3987\/revisions"}],"predecessor-version":[{"id":7954,"href":"https:\/\/www.units.ch\/index.php\/wp-json\/wp\/v2\/pages\/3987\/revisions\/7954"}],"up":[{"embeddable":true,"href":"https:\/\/www.units.ch\/index.php\/wp-json\/wp\/v2\/pages\/70"}],"wp:attachment":[{"href":"https:\/\/www.units.ch\/index.php\/wp-json\/wp\/v2\/media?parent=3987"}],"curies":[{"name":"wp","href":"https:\/\/api.w.org\/{rel}","templated":true}]}}