{"id":3075,"date":"2016-05-01T15:17:00","date_gmt":"2016-05-01T13:17:00","guid":{"rendered":"http:\/\/wl32www730.webland.ch\/?page_id=3075"},"modified":"2022-05-23T11:03:55","modified_gmt":"2022-05-23T09:03:55","slug":"events","status":"publish","type":"page","link":"https:\/\/www.units.ch\/index.php\/events\/","title":{"rendered":"EVENTS 2022"},"content":{"rendered":"<div class=\"col-md-12\">\n<h3>N\u00c4CHSTE EVENTS<\/h3>\n<p>Hier informieren wir Sie \u00fcber unsere bevorstehenden Veranstaltungen.<br \/>\nZurzeit sind keine Events geplant. Abonnieren Sie unseren <a href=\"https:\/\/units.ch\/index.php\/units-newsletter\" rel=\"noopener\" target=\"_blank\" style=\"text-decoration:underline;\">Newsletter<\/a>, damit Sie k\u00fcnftig keinen Event verpassen.<\/p>\n<hr class=\"blacklight\" style=\"margin:10px auto;\">\n<\/div>\n<div class=\"col-md-12\">\n<h3>REVIEWS<\/h3>\n<p>In den vergangenen Jahren haben wir aussergew\u00f6hnliche Anl\u00e4sse f\u00fcr und zusammen mit unseren Kunden durchgef\u00fchrt. Visuelle Erlebnisse, kulinarische Besonderheiten, Musik und spannende Vortr\u00e4ge. <\/p><\/div>\n<div class=\"col-md-6\">\n<a href=\"https:\/\/www.units.ch\/index.php\/events\/techtalk-by-units\/\" class=\"hashboxindiv\">techtalk by units #5<\/a><br \/>\n<a href=\"https:\/\/www.units.ch\/index.php\/events\/units-open-house-metrotom\/\" class=\"hashboxindiv\">units open house METROTOM<\/a><br \/>\n<a href=\"https:\/\/www.units.ch\/index.php\/events\/zeiss-meets-units-2019\/\" class=\"hashboxindiv\">ZEISS meets units 2019<\/a><br \/>\n<a href=\"https:\/\/www.units.ch\/index.php\/events\/techtalk-4\/\" class=\"hashboxindiv\">techtalk by units #4<\/a><br \/>\n<a href=\"https:\/\/www.units.ch\/index.php\/events\/techtalk-by-units-4-0-4-1-2018\/\" class=\"hashboxindiv\">techtalk by units #4.0 &#038; #4.1 2018<\/a><br \/>\n<a href=\"https:\/\/www.units.ch\/index.php\/events\/15-jahre-units\/\" class=\"hashboxindiv\">15 Jahre units<\/a><br \/>\n<a href=\"https:\/\/www.units.ch\/index.php\/events\/5-jahre-units-austria-open-house-event\/\" class=\"hashboxindiv\">5 Jahre units AUSTRIA<\/a>\n<\/div>\n<div class=\"col-md-6\">\n<p><a href=\"https:\/\/www.units.ch\/index.php\/events\/units-unplugged\/\" class=\"hashboxindiv\">units unplugged<\/a><br \/>\n<a href=\"https:\/\/www.units.ch\/index.php\/events\/techtalk-3-by-units-2016\/\" class=\"hashboxindiv\">techtalk #3 by units \u00b0 2016<\/a><br \/>\n<a href=\"https:\/\/www.units.ch\/index.php\/events\/techtalk-2-by-units-2016\/\" class=\"hashboxindiv\">techtalk #2 by units \u00b0 2016<\/a><br \/>\n<a href=\"https:\/\/www.units.ch\/index.php\/events\/jazz-meets-units\/\" class=\"hashboxindiv\">jazz meets units<\/a><br \/>\n<a href=\"https:\/\/www.units.ch\/index.php\/events\/techtalk_by_units_1\/\" class=\"hashboxindiv\">techtalk by units #1<\/a><br \/>\n<a href=\"https:\/\/www.units.ch\/index.php\/events\/lounging-dialog\/\" class=\"hashboxindiv\">Lounging &#038; Dialog<\/a><br \/>\n<a href=\"https:\/\/www.units.ch\/index.php\/events\/lichtevent-juni-2010\/\" class=\"hashboxindiv\">Lichtevent Juni 2010<\/a>\n<\/div>\n","protected":false},"excerpt":{"rendered":"<p>N\u00c4CHSTE EVENTS Hier informieren wir Sie \u00fcber unsere bevorstehenden Veranstaltungen. Zurzeit sind keine Events geplant. Abonnieren Sie unseren Newsletter, damit [&hellip;]<\/p>\n","protected":false},"author":1,"featured_media":0,"parent":0,"menu_order":400,"comment_status":"closed","ping_status":"closed","template":"TMP_EVENTS_OVERVIEW.php","meta":{"_acf_changed":false,"footnotes":""},"acf":[],"_links":{"self":[{"href":"https:\/\/www.units.ch\/index.php\/wp-json\/wp\/v2\/pages\/3075"}],"collection":[{"href":"https:\/\/www.units.ch\/index.php\/wp-json\/wp\/v2\/pages"}],"about":[{"href":"https:\/\/www.units.ch\/index.php\/wp-json\/wp\/v2\/types\/page"}],"author":[{"embeddable":true,"href":"https:\/\/www.units.ch\/index.php\/wp-json\/wp\/v2\/users\/1"}],"replies":[{"embeddable":true,"href":"https:\/\/www.units.ch\/index.php\/wp-json\/wp\/v2\/comments?post=3075"}],"version-history":[{"count":56,"href":"https:\/\/www.units.ch\/index.php\/wp-json\/wp\/v2\/pages\/3075\/revisions"}],"predecessor-version":[{"id":8073,"href":"https:\/\/www.units.ch\/index.php\/wp-json\/wp\/v2\/pages\/3075\/revisions\/8073"}],"wp:attachment":[{"href":"https:\/\/www.units.ch\/index.php\/wp-json\/wp\/v2\/media?parent=3075"}],"curies":[{"name":"wp","href":"https:\/\/api.w.org\/{rel}","templated":true}]}}