{"id":3058,"date":"2016-05-01T14:56:58","date_gmt":"2016-05-01T12:56:58","guid":{"rendered":"http:\/\/wl32www730.webland.ch\/?page_id=3058"},"modified":"2025-05-12T09:28:49","modified_gmt":"2025-05-12T07:28:49","slug":"tools","status":"publish","type":"page","link":"https:\/\/www.units.ch\/index.php\/tools\/","title":{"rendered":"Tools"},"content":{"rendered":"<div class=\"col-md-12\" style=\"t margin-bottom: 16px; background: rgba(0,0,0,0.00);\">\n<div style=\"padding: 16px;\">\n<h2 style=\"line-height: 120%;\">Software Downloads<\/h2>\n<h3>Laden Sie n\u00fctzliche Tools direkt aus unserer Cloud<\/h3>\n<\/div>\n<\/div>\n<div class=\"col-md-12\" style=\"text-align: justify; margin-bottom: 16px; background: rgba(0,0,0,0.80);\">\n<div style=\"padding: 16px;\">\n<h3>Autodesk\u00ae Moldflow\u00ae Communicator<\/h3>\n<p>Der Moldflow Viewer Autodesk\u00ae Moldflow\u00ae Communicator erleichtert Ihnen die Zusammenarbeit mit Kollegen aus der Fertigungs- und Einkaufsabteilung, Lieferanten und externen Kunden. Der Export der Ergebnisse aus Moldflow in den Viewer erm\u00f6glicht allen Projektbeteiligten die einfache Darstellung, Quantifizierung und den Vergleich der Analyseergebnisse.<\/p>\n<p>Ganz gleich, ob Sie Spritzgussformen entwerfen, Kunststoffteile fertigen oder an anderen Schritten des Spritzgussprozesses beteiligt sind \u2013 Autodesk\u00ae Moldflow\u00ae Communicator vereinfacht den Austausch von Simulationsdaten mit dem gesamten Konstruktionsteam und hilft Ihnen, kostspielige Konstruktions\u00e4nderungen und Produktionsfehler zu reduzieren.<\/p>\n<p>&nbsp;<\/p>\n<p><a class=\"hashboxindiv\" style=\"background: #000; color: #fff; display: inline; padding: 5px;\" href=\"https:\/\/cloud.units.swiss\/index.php\/s\/YdoqtCk8PP6Gxia?path=%2FAutodesk%20Moldflow%20Communicator\" target=\"new\" rel=\"noopener\"> Download Autodesk\u00ae Moldflow\u00ae Communicator<\/a><\/p>\n<\/div>\n<\/div>\n<div class=\"col-md-12\" style=\"text-align: justify; margin-bottom: 16px; background: rgba(0,0,0,0.80);\">\n<div style=\"padding: 16px;\">\n<h3>myVGL<\/h3>\n<p>myVGL ist mehr als ein einfacher Viewer f\u00fcr CT-Daten: Mit myVGL lassen sich .vgl-Projekte und die darin enthaltenen Analysen interaktiv mit der Visualisierungstechnologie von units betrachten.<\/p>\n<p>&nbsp;<\/p>\n<p><a class=\"hashboxindiv\" style=\"background: #000; color: #fff; display: inline; padding: 5px;\" href=\"https:\/\/cloud.units.swiss\/index.php\/s\/YdoqtCk8PP6Gxia?path=%2FmyVGL%20(CT%20Daten%20Viewer)\" target=\"new\" rel=\"noopener\"> Download myVGL<\/a><\/p>\n<\/div>\n<\/div>\n<div class=\"col-md-12\" style=\"margin-bottom: 16px; background: rgba(0,0,0,0.80);\">\n<div style=\"padding: 16px;\">\n<h3>Software f\u00fcr den Soll-Ist Vergleich mit ZEISS INSPECT<\/h3>\n<p>Visualisierung f\u00fcr digitalisierte Daten aus der Photogrammmetrie (Lichtstreifenprojektion) oder der Computertomografie. Im Vektor werden die STL Daten \u201calt\u201d (IST) oder die Daten \u201cneu\u201d (IST) zu den CAD Daten verglichen, oder \u201ealt (IST) mit \u201eneu\u201c (IST).<\/p>\n<p>ZEISS INSPECT bietet viele Funktionen und erleichtert Ihnen damit Ihren Arbeitsprozess noch mehr. Die Standardl\u00f6sung f\u00fcr die 3D-Inspektion bildet den gesamten Workflow in einer einheitlichen User-Experience ab und erm\u00f6glicht es nun auch, Ihre Bauteile in der Software zu scannen. Weitere Neuerungen der Software finden Sie in den Themenbereichen Form- und Lage, digitaler Zusammenbau, Blade-Inspektion, Volumeninspektion und Virtual Clamping.<\/p>\n<p>&nbsp;<\/p>\n<p><a class=\"hashboxindiv\" style=\"background: #000; color: #fff; display: inline; padding: 5px;\" href=\"https:\/\/cloud.units.swiss\/index.php\/s\/YdoqtCk8PP6Gxia?path=%2FZQS-ZEISS%20Inspect%20Installer\" rel=\"noopener\">Download ZEISS INSPECT<\/a><\/p>\n<\/div>\n<\/div>\n<div class=\"col-md-12\" style=\"margin-bottom: 16px; background: rgba(0,0,0,0.80);\">\n<div style=\"padding: 16px;\">\n<p>&nbsp;<\/p>\n<h3>Installation und Haftung<\/h3>\n<p>Bitte pr\u00fcfen Sie vor dem Download der Software die Systemvoraussetzungen und Installationsangaben. units \u00fcbernimmt keine Verantwortung f\u00fcr allf\u00e4llige Sch\u00e4den oder St\u00f6rungen.<\/p>\n<\/div>\n<\/div>\n","protected":false},"excerpt":{"rendered":"<p>Software Downloads Laden Sie n\u00fctzliche Tools direkt aus unserer Cloud Autodesk\u00ae Moldflow\u00ae Communicator Der Moldflow Viewer Autodesk\u00ae Moldflow\u00ae Communicator erleichtert [&hellip;]<\/p>\n","protected":false},"author":1,"featured_media":3365,"parent":0,"menu_order":120,"comment_status":"closed","ping_status":"closed","template":"TMP_SUB_TOOLS.php","meta":{"_acf_changed":false,"footnotes":""},"acf":[],"_links":{"self":[{"href":"https:\/\/www.units.ch\/index.php\/wp-json\/wp\/v2\/pages\/3058"}],"collection":[{"href":"https:\/\/www.units.ch\/index.php\/wp-json\/wp\/v2\/pages"}],"about":[{"href":"https:\/\/www.units.ch\/index.php\/wp-json\/wp\/v2\/types\/page"}],"author":[{"embeddable":true,"href":"https:\/\/www.units.ch\/index.php\/wp-json\/wp\/v2\/users\/1"}],"replies":[{"embeddable":true,"href":"https:\/\/www.units.ch\/index.php\/wp-json\/wp\/v2\/comments?post=3058"}],"version-history":[{"count":151,"href":"https:\/\/www.units.ch\/index.php\/wp-json\/wp\/v2\/pages\/3058\/revisions"}],"predecessor-version":[{"id":10322,"href":"https:\/\/www.units.ch\/index.php\/wp-json\/wp\/v2\/pages\/3058\/revisions\/10322"}],"wp:featuredmedia":[{"embeddable":true,"href":"https:\/\/www.units.ch\/index.php\/wp-json\/wp\/v2\/media\/3365"}],"wp:attachment":[{"href":"https:\/\/www.units.ch\/index.php\/wp-json\/wp\/v2\/media?parent=3058"}],"curies":[{"name":"wp","href":"https:\/\/api.w.org\/{rel}","templated":true}]}}